93)/((-1)/(-6)). What are the prime factors of (-4 - -3)*b/((-10)/(-4335))?
3, 17
Let h be 6 - (-27)/(-4) - 525/4. Let z = h - -136. What are the prime factors of z?
2
Let y(w) = 7*w**2 - 3*w - 71. Let c(g) = 6*g**2 - 2*g - 72. Let h(o) = -6*c(o) + 5*y(o). Let a be 0*1/4*-2. What are the prime factors of h(a)?
7, 11
Let w(x) = x**2 + 16*x + 9. Suppose 0 = -2*v - v + 5*p + 60, -3*v + 30 = 5*p. List the prime factors of w(v).
2, 3, 79
Suppose 0 = 4*r + 8, 11*s + 2*r + 31778 = 13*s. List the prime factors of s.
15887
List the prime factors of 77626/9 + (-21)/189.
3, 5, 23
List the prime factors of 7150/(-715)*(1566 - -1)/(1 - 3).
5, 1567
Let p = 7531 - -140. List the prime factors of p.
3, 2557
Let m = 57197 - 23030. List the prime factors of m.
3, 7, 1627
Suppose -3*k + 11 + 10 = 0. Suppose -6 = k*u - 2*u - 4*h, -3*u = -4*h + 10. List the prime factors of 1665/9 + (0 - (-8)/u).
3, 7
What are the prime factors of 7309 + 6/9 + ((-184)/(-3))/(-8)?
2, 3, 1217
Suppose 14*o + 8 = 22. Let i be 1/(-4)*-26 + o/(-2). Suppose 0*u = i*u - 294. List the prime factors of u.
7
Let v(r) = -742*r**3 + r + 1. Let n be v(-1). Suppose 3*s = 80 + n. List the prime factors of s.
2, 137
Suppose 0 = 2*k - 18*k. Suppose k = 12*c - 4*c - 3752. What are the prime factors of c?
7, 67
Let o = 7620 + -5386. List the prime factors of o.
2, 1117
Suppose 93*a - 1731414 = -126*a. List the prime factors of a.
2, 59, 67
Let x be (2 + 7/(-3))*0*-1. Suppose x = 2*y, -l = -3*y - 53 - 145. Suppose -4*o = 4*d - 276, 3*o = -4*d + l + 11. List the prime factors of o.
67
Let z(a) = 5*a**2 - 14*a + 7. Let k be z(7). Suppose 159*p - 1520 = k*p. List the prime factors of p.
2, 19
Suppose -54*h + 12 = -48*h. Suppose -h*s - 2*l = -100, -2*l = s + 3*s - 198. What are the prime factors of s?
7
Let i(f) = -2*f**2 - 56*f + 2. Let j be i(-28). Suppose 4*r = -2*b - 3*b + 2105, -4*b = -j*r - 1684. What are the prime factors of b?
421
Suppose 4*p = 5*p - 1, -5*m - 3*p + 13 = 0. Suppose t - 8 = -3*t, m*t = -b + 7. Suppose -3*s = -b, w - 74 = -5*s - 12. What are the prime factors of w?
3, 19
Let s(i) = -i**2 + 13*i - 17. Let c(z) = z. Let h(j) = 2*c(j) + s(j). Let f be h(13). Suppose 11*u - f*u = 252. What are the prime factors of u?
2, 3, 7
What are the prime factors of (4690/1675)/((-46)/235 + 2/10)?
2, 7, 47
Let i(y) = y**3 + 7*y**2 - y - 5. Let k be i(-7). Suppose -5*t + r + 4 = 0, -k*t = 5*r + 10 + 10. Suppose -2*l + 4*l - 10 = t. List the prime factors of l.
5
Suppose -o + 2*p = 0, -4*o - p - 3*p - 36 = 0. Let w be (-167 - 10/5)*o/2. Suppose 5*s - 4*l = w, -66 = -s + 4*l + 45. What are the prime factors of s?
3, 11
Suppose -10 = -f + 3*u, 5*f = u + 111 - 33. Let s be (-168)/f*6/(-9). Let j(o) = -o**3 + 7*o**2 + o + 7. What are the prime factors of j(s)?
2, 7
Let z = 351 + -328. Suppose z*x = 10*x + 4381. List the prime factors of x.
337
Let h be (1/3)/(0 - 4/(-8016)). Let k = 1411 - h. What are the prime factors of k?
743
Let c be 5175/6*(2 + 0). Let x be (-4)/(-22) - c/(-253). Let q(j) = 10*j + 13. What are the prime factors of q(x)?
83
Let k = -24563 + 34603. List the prime factors of k.
2, 5, 251
Suppose -5*m - f - 39725 = -9*m, -4*m - f = -39731. What are the prime factors of m?
2, 13, 191
Let w = -162 + 234. Suppose -2*u + 814 = 4*a, -w = u - a - 485. List the prime factors of u.
3, 137
Let s(w) be the first derivative of -10*w**2 - 84*w + 3. List the prime factors of s(-7).
2, 7
Let n(f) = 160*f**2 - 2*f - 53. What are the prime factors of n(11)?
5, 7, 19, 29
Let v(w) = -6*w - 14*w - 32 - w**2 + 4*w**2 - 7 + 4*w**2. What are the prime factors of v(-9)?
2, 3, 59
Let p(u) = -3*u**3 + u**2 + 5*u - 2. Let x be 4/((-144)/255) + 13/156. List the prime factors of p(x).
3, 347
Suppose -24*r = -19*r - 10. Suppose 0*p + 5 = 2*o + p, 5*p = -r*o + 1. Suppose 5*m = -o*m + 48. What are the prime factors of m?
2, 3
Let q = 27 - 22. Suppose -52 = 3*f - q*h, -3*f - 4*h - 34 = -0*h. Let m = f - -33. What are the prime factors of m?
19
Let q(t) = -51*t + 56. Let i(k) = 10*k - 11. Let p(m) = 11*i(m) + 2*q(m). Suppose 864*x + 96 = 876*x. What are the prime factors of p(x)?
5, 11
Let u(p) = 87*p**2 + 1. Let q be u(1). Let i be (-33)/27 + 1 + 92/9. Suppose i*a - 1008 = -q. List the prime factors of a.
2, 23
Let w = 28628 + 17048. What are the prime factors of w?
2, 19, 601
Let k be (-9 + 24/(-4))*-76. Suppose 26*m = 30*m - k. What are the prime factors of m?
3, 5, 19
Let q(x) = x**3 + 15*x**2 - 15*x + 19. Let i be q(-16). Suppose -g + 3*m = -4*g + 1167, -381 = -g - i*m. List the prime factors of g.
3, 131
Let v(t) = -t + 140*t**3 + 2*t**2 + 6 + 3 - 9. Let n be v(1). List the prime factors of n*((-4)/6)/(-1).
2, 47
Suppose -2*q + 4*n + 4008 = 0, -n - 350 + 6334 = 3*q. What are the prime factors of q?
2, 499
Suppose 3*c - 6*h = -11*h + 75681, c = -4*h + 25234. What are the prime factors of c?
2, 12611
What are the prime factors of (-15 - -4)/(-22) - 7305/(-2)?
13, 281
List the prime factors of 768287/39 - (-2)/(-3)*8/(-16).
2, 5, 197
Let l(k) = k**3 - 17*k**2 - 27*k + 7. Let m be l(19). Let a = m - -467. List the prime factors of a.
683
Suppose -2204*a + 16533 = -2200*a - 3*r, -4*r = -2*a + 8274. What are the prime factors of a?
3, 17
Suppose 3*r = -3*u - 0*r - 63, -4*u + 4*r = 76. Let w = 30 + u. Suppose -f - 465 = -2*x - 3*x, -2*f - w = 0. List the prime factors of x.
2, 23
Let m = -108 + 113. Let w(s) = m*s**2 + 225 - 226 - s - 4*s**2. What are the prime factors of w(-8)?
71
Let s be ((-2)/(-6) - 1) + (-264)/36. Let z(b) = 4*b**2 + 16. List the prime factors of z(s).
2, 17
Suppose -72*a + 69*a = -d - 36274, a + d = 12082. What are the prime factors of a?
7, 11, 157
Suppose -652248 - 677982 = -139*s. What are the prime factors of s?
2, 3, 5, 11, 29
Suppose 6*i - 4*i - 37030 = -11850. What are the prime factors of i?
2, 5, 1259
Suppose -220*h = -441*h + 223*h - 11354. What are the prime factors of h?
7, 811
Suppose -3*o + 3*n = -4608, -n + 7704 = 5*o + 2*n. Suppose 7*q = o + 806. What are the prime factors of q?
5, 67
Let a(h) = 156*h - 10. Let v(n) = -31*n + 2. Let t(g) = -3*a(g) - 16*v(g). Let x = 160 - 157. List the prime factors of t(x).
2, 41
Let b = -341 - -14158. What are the prime factors of b?
41, 337
Suppose -4*i = -4*a + 36 + 20, -i = a - 8. Suppose -738 = a*c - 3928. List the prime factors of c.
2, 5, 29
Suppose -16*j = -808 + 3208. Let x = 250 + j. List the prime factors of x.
2, 5
Let z = 3 - -1. Suppose 0*i - 4*i = z*g - 1008, -i + 277 = -4*g. Suppose 2*b = k - 14 - 52, 4*k - b - i = 0. What are the prime factors of k?
2
Let g(c) = -c**2 - 2*c + 172. Suppose -3*b = -4*k - 31, -4*b + 35 = -0*k + k. Suppose -2*s = 4*q + 10, b = 5*q - 3*s - 6. What are the prime factors of g(q)?
2, 43
Suppose 1607 = -8*y - 1945. Let l = 920 + y. What are the prime factors of l?
2, 7, 17
Let f = 98 + -104. Let h be (-3)/8 + ((-4835)/(-8) - f). Suppose 4*b + b - h = 0. What are the prime factors of b?
2, 61
Let h be -2 - 4/((-4)/(-239)). Let b = h + 434. What are the prime factors of b?
193
Let f = 21558 + 8497. List the prime factors of f.
5, 6011
Let q = -398 - -398. Suppose -3*w - 3*x - 804 + 2808 = q, 4*w = 2*x + 2702. List the prime factors of w.
673
Let a be 596 + (2/6 - 234/54). Let x = a + -535. List the prime factors of x.
3, 19
Suppose 5*i - t = 64418, -i - t = -11632 - 1254. What are the prime factors of i?
2, 3221
Suppose 0 = -11*z - 8674 - 15548. What are the prime factors of -3 + 4*z/(-12)?
17, 43
What are the prime factors of 6/63*3 - ((-26271828)/(-84))/(-11)?
28433
Suppose 39*i = 1863031 + 966497. List the prime factors of i.
2, 3, 3023
Let s(a) be the second derivative of 7*a**3/3 - 39*a**2 - 2*a - 43. List the prime factors of s(20).
2, 101
Let d(z) = 35*z + 9*z + 16*z - 12. Suppose 3*y - 6*y + 9 = 0. List the prime factors of d(y).
2, 3, 7
Suppose 26*g - 2*g - 373626 = 6*g. What are the prime factors of g?
3, 11, 17, 37
Let s = 10 + -8. Let t be (s - 17/3) + (-8)/(-12). What are the prime factors of 54/(-81) + (184/t)/(-2)?
2, 3, 5
What are the prime factors of 287/(12/528*4)?
7, 11, 41
Let s(h) = -57*h - 641 + h**2 + 21*h + 680. List the prime factors of s(44).
17, 23
Let g(c) = 52*c + 20. Let o(u) = 1. Let v(x) = -g(x) + 5*o(x). Let y be v(3). Let b = -85 - y. What are the prime factors of b?
2,